
2, 7, 71, 4643
List the prime factors of 527578085.
5, 17, 6206801
List the prime factors of 1036960659.
3, 7, 113, 145661
What are the prime factors of 103310111?
73, 1415207
List the prime factors of 175722818.
2, 31, 197, 14387
List the prime factors of 562851618.
2, 3, 7, 97, 138157
List the prime factors of 14198294.
2, 11, 139, 4643
List the prime factors of 1345831178.
2, 977, 688757
List the prime factors of 305914926.
2, 3, 83, 107, 5741
What are the prime factors of 38566319?
11, 17, 206237
What are the prime factors of 1414638600?
2, 3, 5, 2357731
List the prime factors of 537654565.
5, 7, 67, 113, 2029
What are the prime factors of 2429679069?
3, 2287, 118043
What are the prime factors of 588138658?
2, 23, 151, 84673
What are the prime factors of 5376013109?
1531, 3511439
List the prime factors of 93297119.
53, 229, 7687
What are the prime factors of 434822480?
2, 5, 1999, 2719
List the prime factors of 2829262228.
2, 13, 43, 61, 20743
List the prime factors of 306548959.
37, 8285107
What are the prime factors of 142557091?
149, 956759
What are the prime factors of 296720493?
3, 23, 4300297
What are the prime factors of 116270137?
41, 2835857
What are the prime factors of 698336543?
5413, 129011
What are the prime factors of 225898476?
2, 3, 18824873
List the prime factors of 7949752913.
23, 47, 139, 191, 277
List the prime factors of 1036879618.
2, 13421, 38629
List the prime factors of 1188597555.
3, 5, 3209, 8231
List the prime factors of 3281376141.
3, 364597349
What are the prime factors of 5506977209?
83, 7103, 9341
What are the prime factors of 666242632?
2, 11, 59, 128321
List the prime factors of 2299754903.
41, 1091, 51413
What are the prime factors of 2877995037?
3, 19, 23, 83, 26449
List the prime factors of 6193443387.
3, 71, 29077199
What are the prime factors of 117822912?
2, 3, 613661
List the prime factors of 2544782603.
11, 383, 604031
List the prime factors of 3305944290.
2, 3, 5, 11, 157, 63809
What are the prime factors of 2234871967?
2234871967
List the prime factors of 159951809.
159951809
List the prime factors of 78038309.
78038309
What are the prime factors of 70817348?
2, 7, 361313
List the prime factors of 124168215.
3, 5, 8277881
What are the prime factors of 177761661?
3, 7, 11, 47, 2339
List the prime factors of 4886512898.
2, 197, 617, 20101
List the prime factors of 29421236.
2, 13, 565793
What are the prime factors of 719150839?
11, 65377349
List the prime factors of 2000158189.
2000158189
List the prime factors of 1778287486.
2, 683, 1301821
What are the prime factors of 207307477?
13, 241, 66169
What are the prime factors of 80150560?
2, 5, 7, 71563
What are the prime factors of 2771968426?
2, 41, 43, 786151
What are the prime factors of 3223316506?
2, 5087, 316819
List the prime factors of 482922079.
482922079
List the prime factors of 26167539.
3, 17, 241, 2129
What are the prime factors of 6741531580?
2, 5, 7, 761, 63277
What are the prime factors of 2100653473?
2100653473
List the prime factors of 2515813382.
2, 41, 541, 56711
What are the prime factors of 817784238?
2, 3, 136297373
List the prime factors of 1055272747.
1055272747
List the prime factors of 451468833.
3, 150489611
What are the prime factors of 1249314114?
2, 3, 208219019
List the prime factors of 26077147.
23, 1133789
List the prime factors of 3098961646.
2, 11, 137, 1028189
List the prime factors of 30133896.
2, 3, 13, 59, 1637
What are the prime factors of 707367259?
3469, 203911
List the prime factors of 43545805.
5, 1489, 5849
List the prime factors of 2908032242.
2, 37, 39297733
What are the prime factors of 16988392?
2, 571, 3719
List the prime factors of 57400611.
3, 149, 128413
List the prime factors of 816148699.
17, 48008747
What are the prime factors of 142391713?
142391713
List the prime factors of 57521400.
2, 3, 5, 95869
List the prime factors of 482694715.
5, 19, 5080997
List the prime factors of 2213748231.
3, 43, 17160839
List the prime factors of 47658052.
2, 13, 916501
List the prime factors of 55445385.
3, 5, 3696359
List the prime factors of 588199760.
2, 5, 101, 72797
What are the prime factors of 57135465?
3, 5, 521, 2437
List the prime factors of 396290750.
2, 5, 761, 2083
What are the prime factors of 51096720?
2, 3, 5, 212903
List the prime factors of 47242807.
601, 78607
List the prime factors of 106088188.
2, 26522047
List the prime factors of 932745538.
2, 3889, 119921
What are the prime factors of 299220789?
3, 7, 43, 229, 1447
List the prime factors of 2887422518.
2, 607, 821, 2897
List the prime factors of 1879827830.
2, 5, 187982783
What are the prime factors of 119477148?
2, 3, 7, 401, 3547
List the prime factors of 99382487.
47, 463, 4567
What are the prime factors of 557680323?
3, 185893441
What are the prime factors of 74883903?
3, 97, 277, 929
List the prime factors of 287960212.
2, 17, 89, 47581
What are the prime factors of 278533128?
2, 3, 23, 283, 1783
What are the prime factors of 3423666957?
3, 19207, 59417
What are the prime factors of 21242093?
21242093
List the prime factors of 119091649.
119091649
List the prime factors of 1479771150.
2, 3, 5, 11, 13, 149, 463
List the prime factors of 112406553.
3, 7, 1784231
List the prime factors of 87367902.
2, 3, 307, 47431
What are the prime factors of 74898542?
2, 31, 47, 25703
List the prime factors of 2689976679.
3, 13, 193, 357377
What are the prime factors of 53330764?
2, 37, 9739
What are the prime factors of 185071051?
11, 16824641
List the prime factors of 146060575.
5, 1487, 3929
List the prime factors of 2170880354.
2, 37, 137, 214133
List the prime factors of 228666376.
2, 28583297
What are the prime factors of 510728740?
2, 5, 19, 281, 4783
What are the prime factors of 258569886?
2, 3, 233, 184957
List the prime factors of 35473878.
2, 3, 11, 179161
What are the prime factors of 282474822?
2, 3, 7, 17, 23, 103, 167
List the prime factors of 99485232.
2, 3, 7, 11, 2447
List the prime factors of 171522752.
2, 31, 86453
What are the prime factors of 63157748?
2, 19, 831023
What are the prime factors of 2100132175?
5, 84005287
List the prime factors of 849877913.
849877913
List the prime factors of 416021318.
2, 208010659
List the prime factors of 795993246.
2, 3, 23, 1922689
List the prime factors of 1607437542.
2, 3, 179, 821, 1823
What are the prime factors of 16261751?
11, 281, 5261
List the prime factors of 24173958.
2, 3, 4028993
What are the prime factors of 164204964?
2, 3, 7, 11, 37, 1601
What are the prime factors of 83737165?
5, 131, 127843
What are the prime factors of 3697007117?
3697007117
What are the prime factors of 342128262?
2, 3, 7, 8145911
List the prime factors of 170341845.
3, 5, 11356123
What are the prime factors of 299176182?
2, 3, 16620899
What are the prime factors of 1662725650?
2, 5, 33254513
What are the prime factors of 25586199?
3, 71, 1483
List the prime factors of 141515988.
2, 3, 11792999
What are the prime factors of 2992765269?
3, 13, 76737571
What are the prime factors of 6720620407?
6720620407
List the prime factors of 1124970779.
23, 48911773
What are the prime factors of 4548382793?
17, 101, 997, 2657
What are the prime factors of 1600104573?
3, 177789397
What are the prime factors of 21574659?
3, 2039, 3527
What are the prime factors of 652528857?
3, 217509619
List the prime factors of 84627088.
2, 7, 13, 17, 263
What are the prime factors of 74409483?
3, 113, 199, 1103
What are the prime factors of 683491115?
5, 23, 41, 144961
What are the prime factors of 127262754?
2, 3, 7070153
What are the prime factors of 359612156?
2, 89903039
List the prime factors of 3279195575.
5, 4201, 31223
What are the prime factors of 202844591?
223, 4079
What are the prime factors of 47581828?
2, 7, 491, 3461
List the prime factors of 325589096.
2, 7, 5814091
What are the prime factors of 2801135578?
2, 29, 48295441
What are the prime factors of 2066738749?
67, 521, 59207
What are the prime factors of 69535528?
2, 8691941
What are the prime factors of 128138913?
3, 7, 2033951
What are the prime factors of 144034210?
2, 5, 199, 72379
What are the prime factors of 22977241?
7, 3282463
What are the prime factors of 803570811?
3, 151, 1773887
List the prime factors of 353545868.
2, 13, 67, 101477
What are 